{"id":181,"date":"2019-04-08T16:41:35","date_gmt":"2019-04-08T14:41:35","guid":{"rendered":"http:\/\/ifd.function.de\/?page_id=181"},"modified":"2026-04-10T06:39:06","modified_gmt":"2026-04-10T04:39:06","slug":"info-fuer-arbeitgeber","status":"publish","type":"page","link":"https:\/\/www.ifd-bonn.de\/?page_id=181","title":{"rendered":"Information f\u00fcr Arbeitgebende"},"content":{"rendered":"\n<p>Der IFD unterst\u00fctzt Arbeitgebende und Personalverantwortliche im Zusammenhang mit der Besch\u00e4ftigung von Menschen mit Behinderung. Zu den Leistungen geh\u00f6ren unter anderem<\/p>\n\n\n\n<ul class=\"wp-block-list\">\n<li>Beratung bei der Bereitstellung von geeigneten Arbeits- und Ausbildungspl\u00e4tzen<\/li>\n\n\n\n<li>Arbeits-, berufsbegleitende und psychosoziale Betreuung<\/li>\n\n\n\n<li>Unterst\u00fctzung bei der Stufenweisen Wiedereingliederung<\/li>\n\n\n\n<li>Beratung in Einzelf\u00e4llen des betrieblichen Eingliederungsmanagements<\/li>\n\n\n\n<li>Unterst\u00fctzung bei der Beantragung erforderlicher technischer und finanzieller Hilfen<\/li>\n\n\n\n<li>Beteiligung an K\u00fcndigungsschutzverfahren\/ Krisenintervention<\/li>\n\n\n\n<li>Beratung von Arbeitgebern, Personalverantwortlichen, betrieblichen Helfergruppen und Kollegen<\/li>\n<\/ul>\n\n\n\n<div class=\"wp-block-group\"><div class=\"wp-block-group__inner-container is-layout-constrained wp-block-group-is-layout-constrained\"><\/div><\/div>\n\n\n\n<p>Wenn Sie bereits Menschen mit Behinderung besch\u00e4ftigen und sich hieraus Anliegen oder Fragestellungen ergeben, finden Sie Ihre Ansprechpartner \u00fcber diesen Link &#8222;<a href=\"http:\/\/www.ifd-bonn.de\/?page_id=162\">Begleitung \/ Sicherung<\/a>&#8222;.<\/p>\n\n\n\n<p>Wollen Sie Menschen mit Behinderung als neue Mitarbeiter einstellen oder haben Sie Fragen im Vorfeld von Besch\u00e4ftigung behinderter Menschen in Ihrem Betrieb, finden Sie Ihre Ansprechpartner \u00fcber diesen Link <strong>&#8222;<\/strong><a href=\"http:\/\/www.ifd-bonn.de\/?page_id=165\">Vermittlung<\/a><strong>&#8222;<\/strong>.<\/p>\n\n\n\n\n\n<p>Wollen Sie allgemein mit dem IFD in Kontakt treten und sich \u00fcber das Angebot informieren, k\u00f6nnen Sie eine E-Mail schreiben an:<\/p>\n\n\n\n<p><a href=\"mailto:b.graef-schmaljohann@ifd-bonn.de\" data-type=\"mailto\" data-id=\"mailto:b.graef-schmaljohann@ifd-bonn.de\">arbeitgeberberatung@ifd-bonn.de<\/a><\/p>\n\n\n\n\n\n<p> Informationen f\u00fcr Arbeitgeber finden Sie auch auf unserem Flyer (Bitte Bild anklicken):<\/p>\n\n\n\n<p><a href=\"https:\/\/www.ifd-bonn.de\/wp-content\/uploads\/2019\/07\/2019_03_ag_flyer_barrierefrei.pdf\" target=\"_blank\" rel=\"noreferrer noopener\"><img loading=\"lazy\" decoding=\"async\" width=\"150\" height=\"315\" class=\"wp-image-1170\" style=\"width: 150px;\" src=\"https:\/\/www.ifd-bonn.de\/wp-content\/uploads\/2021\/03\/flyer_arbeitgeber.jpg\" alt=\"\" srcset=\"https:\/\/www.ifd-bonn.de\/wp-content\/uploads\/2021\/03\/flyer_arbeitgeber.jpg 488w, https:\/\/www.ifd-bonn.de\/wp-content\/uploads\/2021\/03\/flyer_arbeitgeber-143x300.jpg 143w\" sizes=\"auto, (max-width: 150px) 85vw, 150px\" \/><\/a>_______________________________________________<\/p>\n\n\n\n\n\n<figure class=\"wp-block-image size-large is-resized\"><img loading=\"lazy\" decoding=\"async\" width=\"1024\" height=\"402\" src=\"https:\/\/www.ifd-bonn.de\/wp-content\/uploads\/2023\/02\/EAA_Logo_Text_RGB-1024x402.jpg\" alt=\"\" class=\"wp-image-1620\" style=\"width:512px;height:201px\" srcset=\"https:\/\/www.ifd-bonn.de\/wp-content\/uploads\/2023\/02\/EAA_Logo_Text_RGB-1024x402.jpg 1024w, https:\/\/www.ifd-bonn.de\/wp-content\/uploads\/2023\/02\/EAA_Logo_Text_RGB-300x118.jpg 300w, https:\/\/www.ifd-bonn.de\/wp-content\/uploads\/2023\/02\/EAA_Logo_Text_RGB-768x301.jpg 768w, https:\/\/www.ifd-bonn.de\/wp-content\/uploads\/2023\/02\/EAA_Logo_Text_RGB-1536x603.jpg 1536w, https:\/\/www.ifd-bonn.de\/wp-content\/uploads\/2023\/02\/EAA_Logo_Text_RGB-2048x803.jpg 2048w, https:\/\/www.ifd-bonn.de\/wp-content\/uploads\/2023\/02\/EAA_Logo_Text_RGB-1200x471.jpg 1200w\" sizes=\"auto, (max-width: 709px) 85vw, (max-width: 909px) 67vw, (max-width: 1362px) 62vw, 840px\" \/><\/figure>\n\n\n\n<p><strong>EAA \u2013 Einheitliche Ansprechstellen f\u00fcr Arbeitgeber<\/strong><\/p>\n\n\n\n<p><strong>Ein Beratungsangebot speziell f\u00fcr Arbeitgebende<\/strong><\/p>\n\n\n\n<p>Die EAA-Fachkraft informiert, ber\u00e4t und unterst\u00fctzt Arbeitgebende niederschwellig bei der Ausbildung, Einstellung und Besch\u00e4ftigung von schwerbehinderten und diesen gleichgestellten Personen.<\/p>\n\n\n\n<p>Ziel ist es, gemeinsam mit den Arbeitgebenden, Antworten und L\u00f6sungen f\u00fcr individuelle Probleme und Situationen zu finden.<\/p>\n\n\n\n<p>Die EAA-Fachkraft \u00fcbernimmt eine <strong>Lotsenfunktion<\/strong> im System der beruflichen Inklusion, indem sie tr\u00e4gerunabh\u00e4ngig zu finanziellen und personellen Unterst\u00fctzungsm\u00f6glichkeiten informiert. Sie baut <strong>b\u00fcrokratische H\u00fcrden<\/strong> dadurch ab, dass sie Kontakte zu zust\u00e4ndigen Leistungstr\u00e4gern herstellt und Arbeitgebende bei der Antragstellung bei \u00c4mtern und Beh\u00f6rden assistiert.<\/p>\n\n\n\n<p>Durch ihre gute <strong>Vernetzung<\/strong> in der Region kann sie bei unbesetzten Stellen Hilfestellungen geben und Kontakte zu den zust\u00e4ndigen Reha-Tr\u00e4gern und weiteren Akteuren schaffen.<\/p>\n\n\n\n<p>Nicht zuletzt geht die EAA-Fachkraft aktiv auf Arbeitgebende zu und sensibilisiert diese, um sie f\u00fcr die berufliche Inklusion zu gewinnen.<\/p>\n\n\n\n<p>_______________________________________________<\/p>\n\n\n\n<p><strong>Gerne k\u00f6nnen Sie sich zur Beratung an unsere EAA-Fachkraft wenden:<\/strong><\/p>\n\n\n\n<figure class=\"wp-block-image size-full Kontaktperson\"><a href=\"mailto:e.tas@ifd-bonn.de\"><img loading=\"lazy\" decoding=\"async\" width=\"80\" height=\"120\" src=\"https:\/\/www.ifd-bonn.de\/wp-content\/uploads\/2024\/08\/tas_klein_sw.jpg\" alt=\"Frau Tas\" class=\"wp-image-1846\"\/><\/a><figcaption class=\"wp-element-caption\"><a href=\"mailto:e.tas@ifd-bonn.de\">Frau Tas<\/a><br>Mobil 0152\/09092506<br> Fax 0228\/92685-100<\/figcaption><\/figure>\n\n\n\n<p>Informationen f\u00fcr Arbeitgeber finden Sie auch auf unserem Flyer (Bitte Bild anklicken):<\/p>\n\n\n\n<p><a rel=\"noreferrer noopener\" href=\"https:\/\/www.ifd-bonn.de\/wp-content\/uploads\/2023\/04\/2023_04_flyer_eaa.pdf\" target=\"_blank\"><img loading=\"lazy\" decoding=\"async\" width=\"150\" height=\"300\" class=\"wp-image-1676\" style=\"width: 150px;\" src=\"https:\/\/www.ifd-bonn.de\/wp-content\/uploads\/2023\/04\/2023_04_flyer_eaa_bild-e1680593613127.jpg\" alt=\"\" srcset=\"https:\/\/www.ifd-bonn.de\/wp-content\/uploads\/2023\/04\/2023_04_flyer_eaa_bild-e1680593613127.jpg 200w, https:\/\/www.ifd-bonn.de\/wp-content\/uploads\/2023\/04\/2023_04_flyer_eaa_bild-e1680593613127-150x300.jpg 150w\" sizes=\"auto, (max-width: 150px) 85vw, 150px\" \/><\/a><\/p>\n\n\n\n<p>Weiterf\u00fchrende Informationen unter (Bitte Link anklicken):<\/p>\n\n\n\n<p><a href=\"https:\/\/www.eaa-rheinland.de\">https:\/\/www.eaa-rheinland.de<\/a><\/p>\n\n\n\n<p><a href=\"https:\/\/www.bih.de\/integrationsaemter\/aufgaben-und-leistungen\/einheitliche-ansprechstellen\/\">https:\/\/www.bih.de\/integrationsaemter\/aufgaben-und-leistungen\/einheitliche-ansprechstellen\/<\/a><\/p>\n\n\n\n<p><a href=\"https:\/\/www.lvr.de\/de\/nav_main\/soziales_1\/inklusionsamt\/fachberatung\/einheitliche_ansprechstellen_fuer_arbeitgeber\/eaa.jsp\">https:\/\/www.lvr.de\/de\/nav_main\/soziales_1\/inklusionsamt\/fachberatung\/einheitliche_ansprechstellen_fuer_arbeitgeber\/eaa.jsp<\/a><\/p>\n\n\n\n\n\n<p>_______________________________________________<\/p>\n\n\n\n<p>Das LVR-Inklusionsamt f\u00f6rdert und unterst\u00fctzt die \u00dcberg\u00e4nge von Menschen mit Behinderung auf den allgemeinen Arbeitsmarkt. Hierzu gibt es f\u00fcr Arbeitgeber und Interessierte den Film &#8222;Chancen bieten &#8211; Chancen nutzen&#8220;. (Bitte Bild anklicken):<\/p>\n\n\n\n<p><a href=\"https:\/\/www.lvr.de\/de\/nav_main\/soziales_1\/inklusionsamt\/schulungs_und_informationsangebot\/filme_und_medien\/filme_und_medien.jsp#section-1521844\"><img decoding=\"async\" class=\"wp-image-1175\" style=\"width: 150px;\" src=\"https:\/\/www.ifd-bonn.de\/wp-content\/uploads\/2021\/03\/film_chanchen_bieten_chancen_nutzen.jpg\" alt=\"\"><\/a> <\/p>\n","protected":false},"excerpt":{"rendered":"<p>Der IFD unterst\u00fctzt Arbeitgebende und Personalverantwortliche im Zusammenhang mit der Besch\u00e4ftigung von Menschen mit Behinderung. Zu den Leistungen geh\u00f6ren unter anderem Wenn Sie bereits Menschen mit Behinderung besch\u00e4ftigen und sich hieraus Anliegen oder Fragestellungen ergeben, finden Sie Ihre Ansprechpartner \u00fcber diesen Link &#8222;Begleitung \/ Sicherung&#8222;. Wollen Sie Menschen mit Behinderung als neue Mitarbeiter einstellen oder &hellip; <a href=\"https:\/\/www.ifd-bonn.de\/?page_id=181\" class=\"more-link\"><span class=\"screen-reader-text\">\u201eInformation f\u00fcr Arbeitgebende\u201c<\/span> weiterlesen<\/a><\/p>\n","protected":false},"author":2,"featured_media":0,"parent":0,"menu_order":0,"comment_status":"closed","ping_status":"closed","template":"","meta":{"footnotes":""},"class_list":["post-181","page","type-page","status-publish","hentry"],"_links":{"self":[{"href":"https:\/\/www.ifd-bonn.de\/index.php?rest_route=\/wp\/v2\/pages\/181","targetHints":{"allow":["GET"]}}],"collection":[{"href":"https:\/\/www.ifd-bonn.de\/index.php?rest_route=\/wp\/v2\/pages"}],"about":[{"href":"https:\/\/www.ifd-bonn.de\/index.php?rest_route=\/wp\/v2\/types\/page"}],"author":[{"embeddable":true,"href":"https:\/\/www.ifd-bonn.de\/index.php?rest_route=\/wp\/v2\/users\/2"}],"replies":[{"embeddable":true,"href":"https:\/\/www.ifd-bonn.de\/index.php?rest_route=%2Fwp%2Fv2%2Fcomments&post=181"}],"version-history":[{"count":59,"href":"https:\/\/www.ifd-bonn.de\/index.php?rest_route=\/wp\/v2\/pages\/181\/revisions"}],"predecessor-version":[{"id":2025,"href":"https:\/\/www.ifd-bonn.de\/index.php?rest_route=\/wp\/v2\/pages\/181\/revisions\/2025"}],"wp:attachment":[{"href":"https:\/\/www.ifd-bonn.de\/index.php?rest_route=%2Fwp%2Fv2%2Fmedia&parent=181"}],"curies":[{"name":"wp","href":"https:\/\/api.w.org\/{rel}","templated":true}]}}