{"id":209,"date":"2019-04-08T16:53:11","date_gmt":"2019-04-08T14:53:11","guid":{"rendered":"http:\/\/ifd.function.de\/?page_id=209"},"modified":"2024-07-17T15:38:42","modified_gmt":"2024-07-17T13:38:42","slug":"impressum","status":"publish","type":"page","link":"https:\/\/www.ifd-bonn.de\/?page_id=209","title":{"rendered":"Impressum"},"content":{"rendered":"\n<h2 class=\"wp-block-heading\">Betreiber<\/h2>\n\n\n\n<p>Betreiber dieser Internetseiten ist der INSEL e.V. (VR. Nr. 1797, AG Siegburg) <br>als Haupttr\u00e4ger des Integrationsfachdienstes Bonn\/Rhein-Sieg, <br>Gesch\u00e4ftsf\u00fchrerin Haupttr\u00e4ger: Valentina Titov<\/p>\n\n\n\n<h2 class=\"wp-block-heading\">Postadresse<\/h2>\n\n\n\n<p>Integrationsfachdienst Bonn\/Rhein-Sieg<br>Maximilianstra\u00dfe 22<br>53111 Bonn<\/p>\n\n\n\n<h2 class=\"wp-block-heading\">B\u00fcro der Verwaltung<\/h2>\n\n\n\n<p>Tel. 0228\/926850<br>Fax 0228\/92685100<br>E-Mail:&nbsp;<a href=\"mailto:ifd@ifd-bonn.de\">ifd@ifd-bonn.de<\/a><\/p>\n\n\n\n<p>Die Informationen auf den Internetseiten des Integrationsfachdienstes Bonn\/Rhein-Sieg werden bei Bedarf aktualisiert. Trotz sorgf\u00e4ltiger Bearbeitung k\u00f6nnen sich Daten ver\u00e4ndert haben oder Fehler aufgetreten sein. Hierf\u00fcr bitten wir um Verst\u00e4ndnis. Der Integrationsfachdienst Bonn\/Rhein-Sieg ist f\u00fcr den Inhalt von Internetseiten, die auf den eigenen Seiten als Link zug\u00e4nglich gemacht wurden, ausdr\u00fccklich nicht verantwortlich und kann deshalb f\u00fcr deren inhaltliche Korrektheit, Vollst\u00e4ndigkeit und Verf\u00fcgbarkeit keine Gew\u00e4hr leisten. Der Integrationsfachdienst Bonn\/Rhein-Sieg hat keinen Einfluss auf die aktuelle und zuk\u00fcnftige Gestaltung und auf Inhalte der gelinkten Seiten und distanziert sich ausdr\u00fccklich hiervon. Die Inhalte, Fotos, Grafiken, Logos, Texte und Daten der Internetseiten des Intergationsfachdienstes Bonn\/Rhein-Sieg d\u00fcrfen nicht ohne vorherige schriftliche Zustimmung Verwendung und\/oder Wiedergabe von Dritten finden.<\/p>\n","protected":false},"excerpt":{"rendered":"<p>Betreiber Betreiber dieser Internetseiten ist der INSEL e.V. (VR. Nr. 1797, AG Siegburg) als Haupttr\u00e4ger des Integrationsfachdienstes Bonn\/Rhein-Sieg, Gesch\u00e4ftsf\u00fchrerin Haupttr\u00e4ger: Valentina Titov Postadresse Integrationsfachdienst Bonn\/Rhein-SiegMaximilianstra\u00dfe 2253111 Bonn B\u00fcro der Verwaltung Tel. 0228\/926850Fax 0228\/92685100E-Mail:&nbsp;ifd@ifd-bonn.de Die Informationen auf den Internetseiten des Integrationsfachdienstes Bonn\/Rhein-Sieg werden bei Bedarf aktualisiert. Trotz sorgf\u00e4ltiger Bearbeitung k\u00f6nnen sich Daten ver\u00e4ndert haben oder Fehler &hellip; <a href=\"https:\/\/www.ifd-bonn.de\/?page_id=209\" class=\"more-link\"><span class=\"screen-reader-text\">\u201eImpressum\u201c<\/span> weiterlesen<\/a><\/p>\n","protected":false},"author":2,"featured_media":0,"parent":0,"menu_order":0,"comment_status":"closed","ping_status":"closed","template":"","meta":{"footnotes":""},"class_list":["post-209","page","type-page","status-publish","hentry"],"_links":{"self":[{"href":"https:\/\/www.ifd-bonn.de\/index.php?rest_route=\/wp\/v2\/pages\/209","targetHints":{"allow":["GET"]}}],"collection":[{"href":"https:\/\/www.ifd-bonn.de\/index.php?rest_route=\/wp\/v2\/pages"}],"about":[{"href":"https:\/\/www.ifd-bonn.de\/index.php?rest_route=\/wp\/v2\/types\/page"}],"author":[{"embeddable":true,"href":"https:\/\/www.ifd-bonn.de\/index.php?rest_route=\/wp\/v2\/users\/2"}],"replies":[{"embeddable":true,"href":"https:\/\/www.ifd-bonn.de\/index.php?rest_route=%2Fwp%2Fv2%2Fcomments&post=209"}],"version-history":[{"count":5,"href":"https:\/\/www.ifd-bonn.de\/index.php?rest_route=\/wp\/v2\/pages\/209\/revisions"}],"predecessor-version":[{"id":1817,"href":"https:\/\/www.ifd-bonn.de\/index.php?rest_route=\/wp\/v2\/pages\/209\/revisions\/1817"}],"wp:attachment":[{"href":"https:\/\/www.ifd-bonn.de\/index.php?rest_route=%2Fwp%2Fv2%2Fmedia&parent=209"}],"curies":[{"name":"wp","href":"https:\/\/api.w.org\/{rel}","templated":true}]}}